d by 4?
2
Let c be ((-4)/10)/(3/30). Calculate the remainder when 47 is divided by c/(-6) - (-34)/3.
11
Let h(k) be the third derivative of -k**5/60 + k**4/3 + 4*k**3/3 - 3*k**2. Calculate the remainder when 29 is divided by h(7).
14
Let z(o) = 14*o + 1. Calculate the remainder when z(1) is divided by 9.
6
Suppose 0 = 2*l - 6*o + 3*o - 38, -3*o + 12 = 0. Calculate the remainder when 48 is divided by l.
23
Let z = 4 + -13. What is the remainder when 2 is divided by ((-3)/4)/(z/24)?
0
Suppose -3*z - 32 = -5*j, 3*j + z - 32 = 6*z. Let m be 1 + (-1 + j - -76). Suppose o + m = 5*o. What is the remainder when 59 is divided by o?
19
Let c = -3 - -7. Let r = -47 - -94. Suppose r - 315 = -c*f. What is the remainder when f is divided by 23?
21
Suppose 0 = 4*c - 14 - 26. What is the remainder when 19 is divided by c?
9
Suppose 0 = -7*d + 8*d - 8. Calculate the remainder when 30 is divided by d.
6
Let c = -25 - -50. Let w = -3 + 12. What is the remainder when c is divided by w?
7
Let o(m) = m**3 - 2*m**2 - 6*m - 6. Calculate the remainder when o(5) is divided by 10.
9
Let n(b) = 91*b**3 - b. Let i be n(-1). Suppose 2*p - 4*h - 4 = 0, 18 = p + 3*p + 2*h. What is the remainder when i/(-14) + 27/(-63) is divided by p?
2
Let b(g) = 3*g - 2. Let q be (1 - 9/6)*-8. What is the remainder when 17 is divided by b(q)?
7
What is the remainder when 118 is divided by (-8)/2 - (-42 - 10/5)?
38
Let x be -5 - -4 - (-2 + 1). Suppose -60 = -5*u + 2*a, x*u = -u - 3*a + 12. What is the remainder when 23 is divided by u?
11
Let c(i) = i**3 - i. Let d(w) = -2*w**3 - w**2 + 2*w. Let t(s) = -7*c(s) - 4*d(s). Calculate the remainder when 45 is divided by t(-3).
9
Let q = 14 + 17. What is the remainder when q is divided by 12?
7
Let p be 1 + -4 + 3 + 1. Calculate the remainder when (84 - 4) + (0 - p) is divided by 20.
19
Let k = 25 - -1. Let m = 27 - 7. Suppose -i = -4*u + i + m, -4*u = -5*i - k. Calculate the remainder when 14 is divided by u.
2
Let q = 68 + -17. What is the remainder when q is divided by 26?
25
Suppose -5*o = 2*q + 2*q - 99, -51 = -3*q + 4*o. Calculate the remainder when 61 is divided by q.
19
Let p be 6 + -3 - 1*-2. Let o(k) = k**2 + 18*k - 12. Calculate the remainder when (-134)/(-10) + (-2)/p is divided by o(-19).
6
Suppose 4*c = 3*v - 84, v - 90 = -2*v + 2*c. What is the remainder when v is divided by 11?
10
Let h be (-56)/6 - (-6)/(-9). What is the remainder when (h/(-3))/(14/147) is divided by 12?
11
Let z be ((-24)/9)/((-6)/9). Let v = 7 - z. What is the remainder when 7 is divided by v?
1
Suppose 2*i = 2 - 0. Let s(f) be the third derivative of f**5/60 + f**4/24 + 5*f**2. Calculate the remainder when 3 is divided by s(i).
1
Let s(a) = a**2 + 3. Let f = 52 + -31. Calculate the remainder when f is divided by s(-3).
9
Let a be (-2)/7 - 3522/21. Let t = 99 + a. Let p = 123 + t. What is the remainder when p is divided by 28?
26
Suppose -16*p + 497 = -271. What is the remainder when 429 is divided by p?
45
Let z = 11 - 9. Suppose 5*d - w - 90 = z*d, -3*d = -5*w - 78. Calculate the remainder when d is divided by (-3 - -1) + 10 - 0.
7
Let o(d) = -3*d. What is the remainder when 3 is divided by o(-1)?
0
Let a(x) = -3*x - 4. Calculate the remainder when a(-14) is divided by 13.
12
Let g = 100 - 66. Suppose -m + 0*m = -26. Suppose q = m - 8. What is the remainder when g is divided by q?
16
Suppose -4 = -3*n + 2. Suppose 0 = -0*d - n*d + 8. Suppose 0 = -d*q - 2*s - 3*s + 161, 4*s + 116 = 4*q. What is the remainder when q is divided by 12?
10
Suppose 4*c = -4*g - 40, 0*g = c + 5*g - 2. Let a = c - -23. Calculate the remainder when 27 is divided by a.
7
Let r(s) = 2*s**2 - 1. Calculate the remainder when 89 is divided by r(4).
27
Suppose -2*f - 2 = -3*f. Suppose -4*p + 5*u - 15 = -9*p, 15 = -2*p + 5*u. Suppose p = -f*n + 4*n - 28. What is the remainder when 41 is divided by n?
13
Let o = 23 - 19. Suppose -2*c - c = -6, 2*d + o*c - 34 = 0. Calculate the remainder when 51 is divided by d.
12
Let r be (-30)/(-8) + 2/8. Suppose -5*q = r*g - 112, -4*q - 4*g = -9*g - 65. What is the remainder when 39 is divided by q?
19
Suppose -2*w - 300 = -17*w. What is the remainder when w is divided by 9?
2
Suppose 13 = 3*d - 2. Suppose d*b - 3*u - u = 40, 5*b - 15 = -u. Let q(s) = -s**3 - s**2 + 2. Calculate the remainder when b is divided by q(0).
0
Let l be 1 - (2 - 1)*0. Let a(j) = -2*j**2 + 1. Let s be a(l). Calculate the remainder when 43 is divided by 13/1 - 2/s.
13
Suppose 3*j = -j. Suppose j*y + 100 = 4*y. Suppose 1 = -4*m - 4*h + 49, 3*h + 42 = 3*m. What is the remainder when y is divided by m?
12
Suppose 0 = -3*y + 3*k + 75, 2*k = 4*y - 127 + 29. Calculate the remainder when 70 is divided by y.
22
What is the remainder when (124/6)/((-3)/(-9)) is divided by 16?
14
Let o = 110 + -85. Calculate the remainder when o is divided by 9.
7
Suppose 4*p - 2 = 58. Calculate the remainder when 41 is divided by p.
11
Let q = 43 - 25. Suppose -2*r + 2*b = -28, -2*b + q = 3*r + 3*b. What is the remainder when 21 is divided by r?
10
Suppose 0 = 3*y - 108 + 36. What is the remainder when y is divided by 7?
3
Suppose 5*q - 146 = 29. Calculate the remainder when q is divided by 10.
5
Calculate the remainder when 29 is divided by (-12)/5*340/(-51).
13
Let j be 1*(-1)/((-1)/3). Suppose 0 = 2*h - 125 + j. Let v = -4 + 25. Calculate the remainder when h is divided by v.
19
Let m = -12 - -14. Let t be (-1)/(-3)*2*3. What is the remainder when 11 - 2 - m - t is divided by 3?
2
Let g = -200 + 304. What is the remainder when g is divided by 15?
14
Suppose 2*f + 8 = 0, f + f + 308 = 5*o. What is the remainder when o is divided by 31?
29
Let d be ((-3)/9)/(1/(-9)). Suppose -3*b = -4*p + 12, -10 = 4*p + d*b + 2. Let l = 17 + p. Calculate the remainder when l is divided by 6.
5
Let i = 119 - -6. Calculate the remainder when i is divided by 32.
29
Suppose 0*y - 60 = -3*y. What is the remainder when y is divided by 1/(1 - 24/28)?
6
Suppose 5*g - 24 = 6. What is the remainder when 19 is divided by g?
1
Suppose -2*s + 3*s - 3 = 0. Suppose -4*y - 10 = -u, s*u = u - 3*y + 20. Let g(l) = -7*l + 1. What is the remainder when g(-4) is divided by u?
9
Let t = 4 - 3. Suppose -k = -t - 2. Suppose 0 = k*n - 3*v - 12, 5*v = 2*n + 1. Calculate the remainder when 13 is divided by n.
6
Let y = 5 - -2. Let l(m) = -4*m - 3. Let w be l(-3). Let p = w - 7. What is the remainder when y is divided by p?
1
Suppose -156 = -5*x - 5*o + o, -x = -3*o - 16. Suppose -26 = 4*n - 86. What is the remainder when x is divided by n?
13
Let m(x) = x**2 + 5*x - 1. Let a be m(-5). Let z be (a*1)/((-3)/(-126)). Calculate the remainder when ((-2)/3)/(4/z) is divided by 4.
3
Let z be (4/(-6))/((-2)/(-3)). Let y(t) = -5*t - 3*t + 34*t**2 + 8*t. What is the remainder when y(z) is divided by 12?
10
Let k(s) = -s**3 - 2*s**2 + 4*s + 3. Let g be k(-3). Suppose -q + 1 = -g*q. What is the remainder when -1*(4/2 - 3) is divided by q?
0
Let u = 3 + 0. Suppose -4*x + 0 = 4, -4*x + 2 = -3*r. Calculate the remainder when (r - -4)*10/4 is divided by u.
2
Suppose -3*v - h + 557 = -3*h, 10 = 2*h. Calculate the remainder when v is divided by 24.
21
Suppose 0 = -4*a + 44 - 0. What is the remainder when 38 is divided by a?
5
Let g = 55 - 46. Calculate the remainder when 86 is divided by g.
5
Let r(h) = 10*h**2 - h. Let l(o) be the first derivative of 6*o**2 - 3*o + 1. What is the remainder when l(2) is divided by r(-1)?
10
Let v(y) = y**2 + 14*y + 18. Suppose 4*a + 12 = 28. Suppose 6 = i - 4*s, a*s + 4 = i + 2*s. Calculate the remainder when v(-13) is divided by i.
1
Let f = 15 + -9. Suppose 3*t - 4*t = f. Calculate the remainder when 2 is divided by (-48)/(-22) + t/33.
0
Suppose 298 + 986 = -3*q. Let u be 6/10 + q/(-20). What is the remainder when 3 + u + 2 + 0 is divided by 7?
6
Suppose 0*i - 4*i = 5*x - 99, 0 = 2*i + 8. Let l = x - 11. Calculate the remainder when 23 is divided by l.
11
What is the remainder when 56/4 + 3 + -3 is divided by 6?
2
Let k = 5 + 7. Calculate the remainder when 30 is divided by 128/k*(-3)/(-2).
14
Suppose -5*v + 0*v = -90. What is the remainder when v is divided by 10?
8
Suppose -2*p + 60 + 14 = 0. What is the remainder when p is divided by 13?
11
Suppose 4*r + 18 = 6. Suppose -2*t - 3*t + 40 = 0. What is the remainder when 0 + (